{"id":1076,"date":"2018-08-30T16:24:43","date_gmt":"2018-08-30T19:24:43","guid":{"rendered":"https:\/\/inspampadelindio-cha.infd.edu.ar\/sitio\/informacion-sobre-la-tecnicatura-superior-en-soporte-de-infraestructura-de-tecnologia-de-la-informacion\/"},"modified":"2018-08-30T16:24:43","modified_gmt":"2018-08-30T19:24:43","slug":"informacion-sobre-la-tecnicatura-superior-en-soporte-de-infraestructura-de-tecnologia-de-la-informacion","status":"publish","type":"page","link":"https:\/\/inspampadelindio-cha.infd.edu.ar\/sitio\/informacion-sobre-la-tecnicatura-superior-en-soporte-de-infraestructura-de-tecnologia-de-la-informacion\/","title":{"rendered":"Informaci\u00f3n sobre la tecnicatura Superior en soporte de Infraestructura de Tecnolog\u00eda de la Informaci\u00f3n"},"content":{"rendered":"<p style=\"text-align: center;\"><span style=\"font-size: 12pt;\"><strong>TECNICATURA SUPERIOR EN<\/strong> <strong>SOPORTE DE INFRAESTRUCTURA <\/strong><\/span><\/p>\n<p style=\"text-align: center;\"><span style=\"font-size: 12pt;\"><strong>DE TECNOLOG&Iacute;A DE LA INFORMACI&Oacute;N<\/strong><\/span><\/p>\n<p><strong>&nbsp;<\/strong><\/p>\n<p><strong>T&Iacute;TULO QUE OTORGA: T&Eacute;CNICO SUPERIOR EN SOPORTE DE INFRAESTRUCTURA DE TECNOLOG&Iacute;A DE&nbsp; LA&nbsp;  INFORMACI&Oacute;N<\/strong><\/p>\n<p><strong>&nbsp;<\/strong><\/p>\n<h2><span style=\"font-size: 10pt;\">DISTRIBUCI&Oacute;N DE ESPACIOS Y CARGA HORARIA POR CURSO<\/span><\/h2>\n<p>&nbsp;<\/p>\n<table border=\"1\" cellspacing=\"0\" cellpadding=\"0\" width=\"95%\">\n<tbody>\n<tr>\n<td width=\"12%\">\n<p><strong>A&Ntilde;O<\/strong><\/p>\n<\/td>\n<td width=\"59%\">\n<p><strong>Espacio   Curricular<\/strong><\/p>\n<\/td>\n<td style=\"text-align: center;\" width=\"14%\">\n<p><strong>Hs. C&aacute;ted. Semanales<\/strong><\/p>\n<\/td>\n<td style=\"text-align: center;\" width=\"13%\" valign=\"top\">\n<p><strong>Hs. C&aacute;ted.<\/strong><\/p>\n<p><strong>&nbsp;Anuales&nbsp; <\/strong><\/p>\n<\/td>\n<\/tr>\n<tr>\n<td rowspan=\"8\" width=\"12%\" valign=\"top\">\n<p><strong>&nbsp;<\/strong><\/p>\n<p><strong>&nbsp;<\/strong><\/p>\n<p><strong>&nbsp;Primero<\/strong><\/p>\n<\/td>\n<td width=\"59%\">\n<p>1. Ingl&eacute;s<\/p>\n<\/td>\n<td style=\"text-align: center;\" width=\"14%\">\n<p>2<\/p>\n<\/td>\n<td style=\"text-align: center;\" width=\"13%\" valign=\"top\">\n<p>64<\/p>\n<\/td>\n<\/tr>\n<tr>\n<td width=\"59%\">\n<p>2.Matem&aacute;tica I<\/p>\n<\/td>\n<td style=\"text-align: center;\" width=\"14%\">\n<p>3<\/p>\n<\/td>\n<td style=\"text-align: center;\" width=\"13%\" valign=\"top\">\n<p>96<\/p>\n<\/td>\n<\/tr>\n<tr>\n<td width=\"59%\">\n<p>3.L&oacute;gica<\/p>\n<\/td>\n<td style=\"text-align: center;\" width=\"14%\">\n<p>2<\/p>\n<\/td>\n<td style=\"text-align: center;\" width=\"13%\" valign=\"top\">\n<p>64<\/p>\n<\/td>\n<\/tr>\n<tr>\n<td width=\"59%\">\n<p>4. Inform&aacute;tica.<\/p>\n<\/td>\n<td style=\"text-align: center;\" width=\"14%\">\n<p>4<\/p>\n<\/td>\n<td style=\"text-align: center;\" width=\"13%\" valign=\"top\">\n<p>128<\/p>\n<\/td>\n<\/tr>\n<tr>\n<td width=\"59%\">\n<p>5. Sistema Operativo I<\/p>\n<\/td>\n<td style=\"text-align: center;\" width=\"14%\">\n<p>5<\/p>\n<\/td>\n<td style=\"text-align: center;\" width=\"13%\" valign=\"top\">\n<p>160<\/p>\n<\/td>\n<\/tr>\n<tr>\n<td width=\"59%\">\n<p>6. &Eacute;tica y Deontolog&iacute;a<\/p>\n<\/td>\n<td style=\"text-align: center;\" width=\"14%\">\n<p>3<\/p>\n<\/td>\n<td style=\"text-align: center;\" width=\"13%\" valign=\"top\">\n<p>96<\/p>\n<\/td>\n<\/tr>\n<tr>\n<td width=\"59%\">\n<p>7.   Pr&aacute;ctica Profesionalizante I: Taller de&nbsp;   Tecnolog&iacute;a<\/p>\n<p>&nbsp;&nbsp;&nbsp; de la Informaci&oacute;n<\/p>\n<\/td>\n<td style=\"text-align: center;\" width=\"14%\">\n<p>6<\/p>\n<\/td>\n<td style=\"text-align: center;\" width=\"13%\" valign=\"top\">\n<p>192<\/p>\n<\/td>\n<\/tr>\n<tr>\n<td width=\"59%\">\n<p><strong>Total   horas c&aacute;tedras:<\/strong><\/p>\n<\/td>\n<td style=\"text-align: center;\" width=\"14%\">\n<p><strong>25<\/strong><\/p>\n<\/td>\n<td style=\"text-align: center;\" width=\"13%\" valign=\"top\">\n<p><strong>800<\/strong><\/p>\n<\/td>\n<\/tr>\n<tr>\n<td rowspan=\"8\" width=\"12%\" valign=\"top\">\n<p>&nbsp;<\/p>\n<p>&nbsp;<\/p>\n<p>&nbsp;<\/p>\n<p><strong>Segundo <\/strong><\/p>\n<p>&nbsp;<\/p>\n<p>&nbsp;<\/p>\n<\/td>\n<td width=\"59%\" valign=\"top\">\n<p>8. Estructura de las   Organizaciones<\/p>\n<\/td>\n<td style=\"text-align: center;\" width=\"14%\">\n<p>3<\/p>\n<\/td>\n<td style=\"text-align: center;\" width=\"13%\" valign=\"top\">\n<p>96<\/p>\n<\/td>\n<\/tr>\n<tr>\n<td width=\"59%\">\n<p>9. Matem&aacute;tica II<\/p>\n<\/td>\n<td style=\"text-align: center;\" width=\"14%\">\n<p>3<\/p>\n<\/td>\n<td style=\"text-align: center;\" width=\"13%\" valign=\"top\">\n<p>96<\/p>\n<\/td>\n<\/tr>\n<tr>\n<td width=\"59%\">\n<p>10. Ingl&eacute;s T&eacute;cnico<\/p>\n<\/td>\n<td style=\"text-align: center;\" width=\"14%\">\n<p>2<\/p>\n<\/td>\n<td style=\"text-align: center;\" width=\"13%\" valign=\"top\">\n<p>64<\/p>\n<\/td>\n<\/tr>\n<tr>\n<td width=\"59%\">\n<p>11. Gesti&oacute;n&nbsp; y   Administraci&oacute;n de Empresas<\/p>\n<\/td>\n<td style=\"text-align: center;\" width=\"14%\">\n<p>3<\/p>\n<\/td>\n<td style=\"text-align: center;\" width=\"13%\" valign=\"top\">\n<p>96<\/p>\n<\/td>\n<\/tr>\n<tr>\n<td width=\"59%\" valign=\"top\">\n<p>12 Seguridad&nbsp;   Inform&aacute;tica<\/p>\n<\/td>\n<td style=\"text-align: center;\" width=\"14%\">\n<p>5<\/p>\n<\/td>\n<td style=\"text-align: center;\" width=\"13%\" valign=\"top\">\n<p>160<\/p>\n<\/td>\n<\/tr>\n<tr>\n<td width=\"59%\" valign=\"top\">\n<p>13. Redes   Inform&aacute;ticas<\/p>\n<\/td>\n<td style=\"text-align: center;\" width=\"14%\">\n<p>4<\/p>\n<\/td>\n<td style=\"text-align: center;\" width=\"13%\" valign=\"top\">\n<p>128<\/p>\n<\/td>\n<\/tr>\n<tr>\n<td width=\"59%\" valign=\"top\">\n<p>14.<strong> <\/strong>Pr&aacute;ctica Profesionalizante II: Desarrollo de Redes<\/p>\n<\/td>\n<td style=\"text-align: center;\" width=\"14%\">\n<p>5<\/p>\n<\/td>\n<td style=\"text-align: center;\" width=\"13%\" valign=\"top\">\n<p>160<\/p>\n<\/td>\n<\/tr>\n<tr>\n<td width=\"59%\" valign=\"top\">\n<p><strong>Total   horas c&aacute;tedras <\/strong><\/p>\n<\/td>\n<td style=\"text-align: center;\" width=\"14%\">\n<p><strong>25<\/strong><\/p>\n<\/td>\n<td style=\"text-align: center;\" width=\"13%\" valign=\"top\">\n<p><strong>&nbsp;<\/strong><\/p>\n<p><strong>800<\/strong><\/p>\n<\/td>\n<\/tr>\n<tr>\n<td rowspan=\"8\" width=\"12%\" valign=\"top\">\n<p>&nbsp;<\/p>\n<p>&nbsp;<\/p>\n<p>&nbsp;<\/p>\n<p><strong>&nbsp;<\/strong><\/p>\n<p><strong>&nbsp;Tercero<\/strong><\/p>\n<p>&nbsp;<\/p>\n<p><strong>&nbsp;<\/strong><\/p>\n<\/td>\n<td width=\"59%\" valign=\"top\">\n<p>15. Legislaci&oacute;n   Inform&aacute;tica<\/p>\n<\/td>\n<td style=\"text-align: center;\" width=\"14%\">\n<p>2<\/p>\n<\/td>\n<td style=\"text-align: center;\" width=\"13%\" valign=\"top\">\n<p>64<\/p>\n<\/td>\n<\/tr>\n<tr>\n<td width=\"59%\">\n<p>16. Estad&iacute;stica y Probabilidad<\/p>\n<\/td>\n<td style=\"text-align: center;\" width=\"14%\">\n<p>2<\/p>\n<\/td>\n<td style=\"text-align: center;\" width=\"13%\" valign=\"top\">\n<p>64<\/p>\n<\/td>\n<\/tr>\n<tr>\n<td width=\"59%\" valign=\"top\">\n<p>17. Sistema Operativo II<\/p>\n<\/td>\n<td style=\"text-align: center;\" width=\"14%\">\n<p>4<\/p>\n<\/td>\n<td style=\"text-align: center;\" width=\"13%\" valign=\"top\">\n<p>128<\/p>\n<\/td>\n<\/tr>\n<tr>\n<td width=\"59%\">\n<p>18. Mantenimiento de Servidores<\/p>\n<\/td>\n<td style=\"text-align: center;\" width=\"14%\">\n<p>4<\/p>\n<\/td>\n<td style=\"text-align: center;\" width=\"13%\" valign=\"top\">\n<p>128<\/p>\n<\/td>\n<\/tr>\n<tr>\n<td width=\"59%\">\n<p>19. Gesti&oacute;n de Redes<\/p>\n<\/td>\n<td style=\"text-align: center;\" width=\"14%\">\n<p>4<\/p>\n<\/td>\n<td style=\"text-align: center;\" width=\"13%\" valign=\"top\">\n<p>128<\/p>\n<\/td>\n<\/tr>\n<tr>\n<td width=\"59%\">\n<p>20. Bases de Datos<\/p>\n<\/td>\n<td style=\"text-align: center;\" width=\"14%\">\n<p>4<\/p>\n<\/td>\n<td style=\"text-align: center;\" width=\"13%\" valign=\"top\">\n<p>128<\/p>\n<\/td>\n<\/tr>\n<tr>\n<td width=\"59%\">\n<p>21. Pr&aacute;ctica Profesionalizante III: Desarrollo de Base<\/p>\n<p>&nbsp;&nbsp;&nbsp;&nbsp;&nbsp; de Datos<\/p>\n<\/td>\n<td style=\"text-align: center;\" width=\"14%\">\n<p>5<\/p>\n<\/td>\n<td style=\"text-align: center;\" width=\"13%\" valign=\"top\">\n<p>&nbsp;<\/p>\n<p>160<\/p>\n<\/td>\n<\/tr>\n<tr>\n<td width=\"59%\" valign=\"top\">\n<p><strong>Total   Horas c&aacute;tedras <\/strong><\/p>\n<\/td>\n<td style=\"text-align: center;\" width=\"14%\">\n<p><strong>25<\/strong><\/p>\n<\/td>\n<td style=\"text-align: center;\" width=\"13%\" valign=\"top\">\n<p><strong>800<\/strong><\/p>\n<\/td>\n<\/tr>\n<\/tbody>\n<\/table>\n<h1><strong><span style=\"font-size: 12pt;\">Total de horas c&aacute;tedra del plan: 2400<\/span><\/strong><\/h1>\n<p><span style=\"font-size: 10pt;\">Total de <strong>horas reloj<\/strong> del plan:<strong> 1600<\/strong><\/span><\/p>\n<h1>&nbsp;<\/h1>\n<h1><span style=\"font-size: 12pt;\">Modalidad&nbsp; de cursado: todas las asignaturas son de cursado ANUAL<\/span><\/h1>\n<p><strong><br \/> <\/strong><\/p>\n<h1 style=\"text-align: center;\"><span style=\"font-size: 10pt;\">ANEXO III A LA RESOLUCI&Oacute;N N&deg;<\/span><\/h1>\n<p>&nbsp;<\/p>\n<p><strong>&nbsp;<\/strong><strong>&nbsp; Perfil Profesional<\/strong><\/p>\n<p><strong>&nbsp;<\/strong><\/p>\n<p>&nbsp;&nbsp;&nbsp;&nbsp;&nbsp;&nbsp;&nbsp;&nbsp;&nbsp;&nbsp;&nbsp;&nbsp; El T&eacute;cnico Superior en Soporte de Infraestructura de  Tecnolog&iacute;a de la Informaci&oacute;n estar&aacute; capacitado para implementar,  mantener, actualizar, analizar inconvenientes y resolver problemas  derivados de la operaci&oacute;n de productos de tecnolog&iacute;a de la informaci&oacute;n  que cumplen funciones de sistema operativo, administraci&oacute;n de  almacenamiento, comunicaciones y redes, seguridad, bases de datos, y  otros subsistemas, para garantizar la m&aacute;xima disponibilidad del ambiente  operativo de las aplicaciones inform&aacute;ticas de las organizaciones  desarrollando las funciones descriptas en el perfil profesional y  cumpliendo con los criterios de realizaci&oacute;n establecidos para las  mismas, para lo cual coordinar&aacute; o complementar&aacute; su trabajo con  especialistas de la misma organizaci&oacute;n o externos.<\/p>\n<p>&nbsp;<\/p>\n<p><strong>INCUMBENCIAS PROFESIONALES: <\/strong><\/p>\n<p><strong>&nbsp;<\/strong><\/p>\n<ul>\n<li>Administrar servidores, software de base, comunicaciones y dem&aacute;s  subsistemas, maximizando el aprovechamiento de los recursos y  anticipando posibles problemas.<\/li>\n<li>Administrar redes de comunicaci&oacute;n de datos, cableadas o no,  asegurando la accesibilidad de los servicios y optimizando los recursos.<\/li>\n<li>Atender incidentes que afecten a la  Infraestructura de TI,  diagnosticar las causas que los originan y resolverlos o coordinar su  soluci&oacute;n. <\/li>\n<li>Instalar o reemplazar componentes de la  Infraestructura de TI o  adaptarla a nuevas condiciones de servicios externos minimizando riesgos  para la seguridad y continuidad del servicio.<\/li>\n<li>Migrar o convertir sistemas, aplicaciones o datos tratando de minimizar riesgos para la seguridad y continuidad del servicio.<\/li>\n<li>Entender en temas de contingencias y riesgos que puedan afectar a la Infraestructura de TI.<\/li>\n<li>&nbsp;&nbsp;&nbsp;&nbsp;&nbsp;&nbsp;&nbsp;&nbsp;&nbsp;&nbsp; Administrar redes de datos dentro del marco de acuerdos de nivel de servicio. <\/li>\n<li>Administrar la provisi&oacute;n de servicios inform&aacute;ticos en instalaciones  de hasta un centenar de servidores, entre reales y virtuales dentro del  marco de acuerdos de nivel de servicio. Esto incluye la instalaci&oacute;n y  actualizaci&oacute;n de sistemas operativos y software de base, subsistemas de  almacenamiento y otros auxiliares, el monitoreo del comportamiento y la  capacidad, la automatizaci&oacute;n de tareas repetitivas como el resguardo y  recuperaci&oacute;n de archivos u otras similares y la habilitaci&oacute;n de  usuarios.<\/li>\n<\/ul>\n<p>&nbsp;<\/p>\n<p><strong>&Aacute;REA OCUPACIONAL<\/strong><\/p>\n<p><strong>&nbsp;<\/strong><\/p>\n<p>&nbsp;&nbsp;&nbsp;&nbsp;&nbsp;&nbsp;&nbsp;&nbsp;&nbsp;&nbsp;&nbsp; Este t&eacute;cnico se desempe&ntilde;a en centros de procesamiento de  datos, ya sean de empresas u organizaciones de cualquier tipo usuarias  de tecnolog&iacute;a de la informaci&oacute;n, o empresas ubicadas en los mismos.<\/p>\n<p>&nbsp;&nbsp;&nbsp;&nbsp;&nbsp;&nbsp;&nbsp;&nbsp;&nbsp;&nbsp;&nbsp; Su posici&oacute;n ocupacional suele denominarse Administrador  de red o Administrador de sistemas y trabaja solo o en peque&ntilde;os grupos  para administrar los recursos de infraestructura de Tecnolog&iacute;a de la  Informaci&oacute;n y atender y resolver incidentes, a fin de minimizar la  posibilidad de interrupciones al servicio que brindan las aplicaciones  inform&aacute;ticas a las organizaciones.<\/p>\n<p>&nbsp;&nbsp;&nbsp;&nbsp;&nbsp;&nbsp;&nbsp;&nbsp;&nbsp;&nbsp;&nbsp; Por lo general, depende directa o indirectamente de un  Gerente de Tecnolog&iacute;a responsable por toda la operaci&oacute;n y, en funci&oacute;n de  la dimensi&oacute;n de la organizaci&oacute;n en la cual se desempe&ntilde;e, puede trabajar  solo, en peque&ntilde;os grupos o en grupos m&aacute;s grandes que permitan su  especializaci&oacute;n en determinadas tecnolog&iacute;as y, en la mayor&iacute;a de los  casos, no tiene personal a cargo, aunque puede coordinar las actividades  de peque&ntilde;os grupos operativos. En algunos casos en que la  infraestructura es muy peque&ntilde;a puede brindarle sus servicios  profesionales externamente atendiendo a los centros de procesamiento en  forma presencial o a distancia.<\/p>\n<p>&nbsp;<\/p>\n<p><strong>ESPACIOS CURRICULARES SEG&Uacute;N CAMPOS DE FORMACI&Oacute;N<\/strong><\/p>\n<p>&nbsp;&nbsp;&nbsp;&nbsp;&nbsp;&nbsp;&nbsp;&nbsp;&nbsp;&nbsp;&nbsp;&nbsp;&nbsp; Seg&uacute;n la Resoluci&oacute;n N&ordm; 47\/08 del Consejo Federal de  Educaci&oacute;n, los espacios curriculares se agrupan en los siguientes campos  de formaci&oacute;n y se establecen los porcentajes m&iacute;nimos de horas de  formaci&oacute;n de cada uno:<\/p>\n<ul>\n<li>Campo de      Formaci&oacute;n General: m&iacute;nimo 10 %<\/li>\n<li>Campo de      Formaci&oacute;n de Fundamento: m&iacute;nimo 20 %<\/li>\n<li>Campo de      Formaci&oacute;n Espec&iacute;fica: m&iacute;nimo 30 %<\/li>\n<li>Campo de      Formaci&oacute;n de la Pr&aacute;ctica       Profesionalizante: m&iacute;nimo 20 %<\/li>\n<\/ul>\n<p>&nbsp;<\/p>\n<table border=\"1\" cellspacing=\"0\" cellpadding=\"0\">\n<tbody>\n<tr>\n<td width=\"223\">\n<p><strong>Campos de Formaci&oacute;n<\/strong><\/p>\n<\/td>\n<td width=\"320\">\n<p><strong>ESPACIOS   CURRICULARES<\/strong><\/p>\n<\/td>\n<td width=\"98\">\n<p><strong>PORCENTAJES<\/strong><\/p>\n<\/td>\n<\/tr>\n<tr>\n<td width=\"223\" valign=\"top\">\n<p>&nbsp;<\/p>\n<p>FORMACI&Oacute;N   GENERAL<\/p>\n<\/td>\n<td width=\"320\" valign=\"top\">\n<ul>\n<li>Ingles T&eacute;cnico&nbsp; <\/li>\n<li>Ingl&eacute;s&nbsp;&nbsp;&nbsp; <\/li>\n<li>Estructura de las Organizaciones <\/li>\n<li>&Eacute;tica y Deontolog&iacute;a&nbsp; <\/li>\n<\/ul>\n<p>&nbsp;<\/p>\n<\/td>\n<td width=\"98\">\n<p>13 %<\/p>\n<\/td>\n<\/tr>\n<tr>\n<td width=\"223\" valign=\"top\">\n<p>&nbsp;<\/p>\n<p>FORMACI&Oacute;N   DE<\/p>\n<p>FUNDAMENTO<\/p>\n<\/td>\n<td width=\"320\" valign=\"top\">\n<ul>\n<li>Matem&aacute;tica I&nbsp;&nbsp; <\/li>\n<li>Matem&aacute;tica II&nbsp;&nbsp; &nbsp;<\/li>\n<li>L&oacute;gica&nbsp; <\/li>\n<li>Inform&aacute;tica &nbsp;&nbsp;<\/li>\n<li>Gesti&oacute;n y        Administraci&oacute;n de Empresas <\/li>\n<li>Legislaci&oacute;n        Inform&aacute;tica <\/li>\n<li>Estad&iacute;stica y        Probabilidad.<\/li>\n<\/ul>\n<p>&nbsp;<\/p>\n<\/td>\n<td width=\"98\">\n<p>26 %<\/p>\n<\/td>\n<\/tr>\n<tr>\n<td width=\"223\" valign=\"top\">\n<p>&nbsp;<\/p>\n<p>&nbsp;<\/p>\n<p>FORMACI&Oacute;N   ESPEC&Iacute;FICA<\/p>\n<p>&nbsp;<\/p>\n<p>&nbsp;<\/p>\n<\/td>\n<td width=\"320\" valign=\"top\">\n<ul>\n<li>Sistemas Operativos        I &nbsp;&nbsp;<\/li>\n<li>Sistemas Operativos        II &nbsp;<\/li>\n<li>Seguridad Inform&aacute;tica.&nbsp; <\/li>\n<li>Redes Inform&aacute;ticas. &nbsp;&nbsp;<\/li>\n<li>Mantenimiento de Servidores <\/li>\n<li>Gesti&oacute;n de Redes&nbsp; <\/li>\n<li>Bases de Datos&nbsp; <\/li>\n<\/ul>\n<p>&nbsp;<\/p>\n<\/td>\n<td width=\"98\">\n<p>40%<\/p>\n<\/td>\n<\/tr>\n<tr>\n<td width=\"223\" valign=\"top\">\n<p>&nbsp;<\/p>\n<p>PR&Aacute;CTICAS   PROFESIONALIZANTES<\/p>\n<\/td>\n<td width=\"320\" valign=\"top\">\n<ul>\n<li>Pr&aacute;ctica   Profesionalizante I: Taller de&nbsp;   Tecnolog&iacute;a de la    Informaci&oacute;n <\/li>\n<li>Pr&aacute;ctica   Profesionalizante III:&nbsp; Desarrollo de Base&nbsp; de Datos   160<\/li>\n<\/ul>\n<ul>\n<li>Pr&aacute;ctica        Profesionalizante II: Desarrollo de Redes <\/li>\n<\/ul>\n<p>&nbsp;<\/p>\n<\/td>\n<td width=\"98\">\n<p>21.%<\/p>\n<\/td>\n<\/tr>\n<\/tbody>\n<\/table>\n","protected":false},"excerpt":{"rendered":"<p>TECNICATURA SUPERIOR EN SOPORTE DE INFRAESTRUCTURA DE TECNOLOG&Iacute;A DE LA INFORMACI&Oacute;N &nbsp; T&Iacute;TULO QUE OTORGA: T&Eacute;CNICO SUPERIOR EN SOPORTE DE INFRAESTRUCTURA DE TECNOLOG&Iacute;A DE&nbsp; LA&nbsp; INFORMACI&Oacute;N &nbsp; DISTRIBUCI&Oacute;N DE ESPACIOS Y CARGA HORARIA POR CURSO &nbsp; A&Ntilde;O Espacio Curricular Hs. C&aacute;ted. Semanales Hs. C&aacute;ted. &nbsp;Anuales&nbsp; &nbsp; &nbsp; &nbsp;Primero 1. Ingl&eacute;s 2 64 2.Matem&aacute;tica I 3 &#8230; <a title=\"Informaci\u00f3n sobre la tecnicatura Superior en soporte de Infraestructura de Tecnolog\u00eda de la Informaci\u00f3n\" class=\"read-more\" href=\"https:\/\/inspampadelindio-cha.infd.edu.ar\/sitio\/informacion-sobre-la-tecnicatura-superior-en-soporte-de-infraestructura-de-tecnologia-de-la-informacion\/\" aria-label=\"More on Informaci\u00f3n sobre la tecnicatura Superior en soporte de Infraestructura de Tecnolog\u00eda de la Informaci\u00f3n\">[+]<\/a><\/p>\n","protected":false},"author":187,"featured_media":0,"parent":0,"menu_order":0,"comment_status":"closed","ping_status":"closed","template":"","meta":[],"acf":[],"_links":{"self":[{"href":"https:\/\/inspampadelindio-cha.infd.edu.ar\/sitio\/wp-json\/wp\/v2\/pages\/1076"}],"collection":[{"href":"https:\/\/inspampadelindio-cha.infd.edu.ar\/sitio\/wp-json\/wp\/v2\/pages"}],"about":[{"href":"https:\/\/inspampadelindio-cha.infd.edu.ar\/sitio\/wp-json\/wp\/v2\/types\/page"}],"author":[{"embeddable":true,"href":"https:\/\/inspampadelindio-cha.infd.edu.ar\/sitio\/wp-json\/wp\/v2\/users\/187"}],"replies":[{"embeddable":true,"href":"https:\/\/inspampadelindio-cha.infd.edu.ar\/sitio\/wp-json\/wp\/v2\/comments?post=1076"}],"version-history":[{"count":0,"href":"https:\/\/inspampadelindio-cha.infd.edu.ar\/sitio\/wp-json\/wp\/v2\/pages\/1076\/revisions"}],"wp:attachment":[{"href":"https:\/\/inspampadelindio-cha.infd.edu.ar\/sitio\/wp-json\/wp\/v2\/media?parent=1076"}],"curies":[{"name":"wp","href":"https:\/\/api.w.org\/{rel}","templated":true}]}}