{"id":1192,"date":"2020-03-30T18:45:44","date_gmt":"2020-03-30T21:45:44","guid":{"rendered":"https:\/\/inspampadelindio-cha.infd.edu.ar\/sitio\/?page_id=1192"},"modified":"2021-03-20T11:32:16","modified_gmt":"2021-03-20T14:32:16","slug":"pre-inscripcion-a-las-carreras-del-ies-pampa-del-indio","status":"publish","type":"page","link":"https:\/\/inspampadelindio-cha.infd.edu.ar\/sitio\/pre-inscripcion-a-las-carreras-del-ies-pampa-del-indio\/","title":{"rendered":"INSCRIPCI\u00d3N A LAS CARRERAS DE FORMACI\u00d3N DOCENTE y T\u00c9CNICA-2021"},"content":{"rendered":"<p>INSCRIPCI\u00d3N A LAS CARRERAS DE FORMACI\u00d3N DOCENTE Y TECNICATURA PROFESIONAL DEL INSTITUTO DE EDUCACI\u00d3N SUPERIOR PAMPA DEL INDIO.<\/p>\n<p><a href=\"https:\/\/desingresos.seol.ar\/control_acceso\/\">https:\/\/desingresos.seol.ar\/control_acceso\/<\/a><\/p>\n","protected":false},"excerpt":{"rendered":"<p>INSCRIPCI\u00d3N A LAS CARRERAS DE FORMACI\u00d3N DOCENTE Y TECNICATURA PROFESIONAL DEL INSTITUTO DE EDUCACI\u00d3N SUPERIOR PAMPA DEL INDIO. https:\/\/desingresos.seol.ar\/control_acceso\/<\/p>\n","protected":false},"author":187,"featured_media":0,"parent":0,"menu_order":0,"comment_status":"closed","ping_status":"closed","template":"","meta":[],"acf":[],"_links":{"self":[{"href":"https:\/\/inspampadelindio-cha.infd.edu.ar\/sitio\/wp-json\/wp\/v2\/pages\/1192"}],"collection":[{"href":"https:\/\/inspampadelindio-cha.infd.edu.ar\/sitio\/wp-json\/wp\/v2\/pages"}],"about":[{"href":"https:\/\/inspampadelindio-cha.infd.edu.ar\/sitio\/wp-json\/wp\/v2\/types\/page"}],"author":[{"embeddable":true,"href":"https:\/\/inspampadelindio-cha.infd.edu.ar\/sitio\/wp-json\/wp\/v2\/users\/187"}],"replies":[{"embeddable":true,"href":"https:\/\/inspampadelindio-cha.infd.edu.ar\/sitio\/wp-json\/wp\/v2\/comments?post=1192"}],"version-history":[{"count":10,"href":"https:\/\/inspampadelindio-cha.infd.edu.ar\/sitio\/wp-json\/wp\/v2\/pages\/1192\/revisions"}],"predecessor-version":[{"id":1339,"href":"https:\/\/inspampadelindio-cha.infd.edu.ar\/sitio\/wp-json\/wp\/v2\/pages\/1192\/revisions\/1339"}],"wp:attachment":[{"href":"https:\/\/inspampadelindio-cha.infd.edu.ar\/sitio\/wp-json\/wp\/v2\/media?parent=1192"}],"curies":[{"name":"wp","href":"https:\/\/api.w.org\/{rel}","templated":true}]}}